f r and t.
5
Let q be ((-5)/(35/(-3)))/((-8)/(-168)). What is the greatest common factor of 531 and q?
9
Let d(u) = u. Let z be d(4). Let y be (-5750)/(-160) - 3/(-48). Calculate the greatest common factor of y and z.
4
Let d be (3/(90/(-444)))/((-4)/40). Calculate the highest common factor of 333 and d.
37
Let u = -759 + 1151. Calculate the highest common divisor of 8 and u.
8
Suppose 8*r = -16*r + 552. What is the highest common divisor of 1265 and r?
23
Suppose -3*a - 48 = -4*x, 0*x - 2*a - 24 = -2*x. Suppose 4*z - 1278 = -5*z. Suppose -q - 46 + z = 0. Calculate the greatest common divisor of q and x.
12
Suppose 3*l + 6 + 15 = -5*o, 0 = 5*o + 4*l + 23. Let s be (-6 + -11 + 2)*7/o. What is the greatest common factor of s and 35?
35
Let r(l) = -7*l + 45. Let m be r(5). Let w be 4/m + (-2019)/(-15). Calculate the highest common divisor of w and 15.
15
Let x be 1020/24 - 1/(-2). Let k be (4 + -3)*(x - 1). What is the greatest common factor of 105 and k?
21
Let p(q) = q**2 + 7*q - 1. Let z be p(-5). Let y = 16 - z. Let s be (-3)/5*(-2 + -3). What is the highest common factor of y and s?
3
Let u = -15 - -62. Let o = 28 + -24. Suppose 0*z - 2*s = 4*z - 62, -o*z - 5*s + u = 0. Calculate the highest common divisor of 2 and z.
2
Suppose s - 2*o - 37 = -4*o, 3*o = -3. Suppose -t = 5*n + s, n + t + 4 + 3 = 0. Let h be n/(-52) - (-152)/26. What is the highest common divisor of h and 9?
3
Let k = 258 - 179. Suppose -4*c + 21 = -k. What is the highest common factor of c and 175?
25
Suppose -13*q = -8*q - 275. Let d = q - 45. Calculate the greatest common factor of 40 and d.
10
Let g(u) = -9 + 3 + 20*u - 20*u - 6*u. Let w be g(-21). What is the highest common divisor of w and 48?
24
Suppose 0*t = 2*t - 20. Let p be (6/t)/(6/270). Suppose 77 - p = 5*y. What is the greatest common factor of 50 and y?
10
Let p be -7 + 5 + -2 - 14. Let z = 20 + p. What is the greatest common factor of 1 and z?
1
Let t = -561 - -575. Calculate the highest common factor of t and 217.
7
Let h be (-439)/(-4) + (-68)/(-16) + -3. What is the greatest common factor of 3 and h?
3
Suppose -4*k - 28 = -496. Suppose 5*x - 26 = -8*x. Suppose 0 = -8*v + x*v + 78. What is the greatest common factor of v and k?
13
Suppose 0 = -5*w - 1296 + 1866. What is the highest common divisor of 6 and w?
6
Let s(z) = 7*z**2 - 2*z + 1. Let g be s(-3). Let d(m) = 86*m + 444. Let i be d(-5). Calculate the highest common divisor of g and i.
14
Let l(n) = -2*n - 4. Let c be l(-4). Let t(i) = i**2 - 6*i + 12. Let x be t(6). Suppose -c*f + 0*f = -x. Calculate the highest common divisor of 27 and f.
3
Let w = 577 - 569. What is the greatest common factor of 488 and w?
8
Suppose -4*i - 6 = -22. Let v(b) = 5*b - 8. Let a be v(i). Calculate the greatest common divisor of a and 48.
12
Suppose 2*t + u = 4, -3*t - 2*t - u + 16 = 0. Let k = 9 - t. Suppose k*f = 16 + 114. Calculate the highest common divisor of 13 and f.
13
Suppose 0 = 39*o - 59*o + 22720. Calculate the highest common factor of 32 and o.
16
Let b be 51/255 - (-399)/5. What is the greatest common divisor of 20 and b?
20
Suppose 221*o = 205*o + 1568. Let j = 3 - 1. Let y be 0 + (29 + -1)/j. Calculate the greatest common factor of o and y.
14
Let i = 71 - 66. Suppose 2*q + q - 5*d = 59, 25 = i*d. What is the highest common factor of 14 and q?
14
Let l(x) = -x + 20. Let f be l(5). Suppose 0 = 2*h - 45 + f. Calculate the highest common factor of 15 and h.
15
Suppose -f - 3*h + 9 = 0, f = -f + h + 4. Suppose 4 = 4*q - 8, -4*n + 13 = f*q. Calculate the highest common factor of 4 and n.
1
Suppose n - 3 = -0. Suppose -n*m = -6*m + 3. What is the highest common factor of 1 and m?
1
Let w = 85 - 82. Suppose m - 184 = -4*l, -4*l + 168 = -w*m - 0*m. What is the greatest common divisor of 5 and l?
5
Suppose -4*j + j + 150 = 0. Suppose 0 = -2*a + n + 17, -a + 63 - 68 = -5*n. Calculate the greatest common factor of a and j.
10
Let y = 115 + -82. Let r(i) = 22 + 17*i + 17*i - 36*i. Let a be r(0). Calculate the greatest common factor of y and a.
11
Let y(x) = x**3 + 6*x**2 + 3*x - 4. Let q be y(-5). Let i(h) = -1 - 4 - 54*h + q*h**2 + 59*h. Let f be i(3). Calculate the highest common divisor of 16 and f.
16
Let k = 18 - 16. Suppose 0 = -2*c - z + 78, -z = k. Calculate the greatest common divisor of 8 and c.
8
Suppose 4*a + 3*l = 781, 974 = -0*a + 5*a + 3*l. Suppose -5*f = -a - 87. Calculate the greatest common divisor of 8 and f.
8
Suppose 1317*s = 1324*s - 7420. Calculate the highest common factor of 20 and s.
20
Let r be (-8)/(-3) + (-1)/(-3). Let n = r + 12. Let d be 1/(-2) - n/(-2). Calculate the greatest common factor of 56 and d.
7
Let f be (0 - -3)/(3/2). Calculate the highest common divisor of f and 34.
2
Suppose 51 = -3*l - 12. Let g = l - -37. Suppose -7*p = -3*p - 96. What is the greatest common factor of p and g?
8
Let i(j) = -j**2 + j + 24. Let c be i(0). Let a = c - 14. Let f(g) = 7*g + 1. Let y be f(7). What is the highest common factor of y and a?
10
Let s be (-14)/(-1)*14/4. Let n = -36 + 62. Let m be (-91)/n*(-2)/1. What is the highest common divisor of m and s?
7
Let p(y) = y**3 - 8*y**2 + 11*y + 2. Let v be p(8). What is the greatest common factor of 18 and v?
18
Let s(k) = -k - 17. Let f be s(-11). Suppose c + 5*i + 16 = 5*c, c = -3*i + 21. Let l be (4/f)/(c/(-891)). What is the greatest common factor of l and 22?
22
Suppose -b = -5*d - 10, 0*d = -2*b + 3*d + 13. Let z be (54/(-15) + -3)*b. Let a = 49 + z. What is the highest common factor of a and 16?
16
Let y = -2208 - -2285. What is the greatest common factor of y and 55?
11
Let r(u) = -5*u + 15. Let c be r(-17). What is the highest common divisor of c and 1850?
50
Suppose g + 4 = 2*g. Let w(q) be the second derivative of q**3 - 3*q**2 + 15*q. Let d be w(5). Calculate the greatest common divisor of g and d.
4
Let j(x) = 11*x**2 - x. Let r(n) = n**3. Let b(s) = j(s) + r(s). Let d be b(-11). What is the highest common divisor of 99 and d?
11
Suppose 31*o = 60*o - 580. What is the highest common factor of o and 16?
4
Suppose 0 - 12 = -2*l. Let a = -13 + l. Let i be (-2)/((-2)/a)*-11. What is the highest common divisor of i and 7?
7
Let u(g) be the first derivative of 7*g**2 + 2*g - 2. Let b be u(2). Let o = 28 + -22. Calculate the highest common divisor of o and b.
6
Let z be ((-6)/7)/((-81)/74655). Calculate the highest common divisor of z and 10.
10
Suppose d - 96 = 85. Let o = 301 - d. Calculate the highest common divisor of 15 and o.
15
Suppose -12*o = -20*o + 13448. Calculate the greatest common divisor of o and 82.
41
Suppose -2*y + 106 = 98. Calculate the greatest common factor of y and 100.
4
Suppose -2*p = -4*l + 238, 9*l - 122 = 7*l - 2*p. Suppose 1561 = 8*k + 361. What is the greatest common factor of l and k?
30
Let z = 15 + -13. Let g = z + 16. Let k = g - 2. Calculate the greatest common factor of k and 24.
8
Let w be ((-2)/24*-3)/((-2)/(-56)). Suppose 3*x + x - 25 = -3*j, -3*j + 4*x = w. Calculate the highest common divisor of j and 27.
3
Let q be (-8 + -1 - -6) + 2 + 2. What is the highest common factor of 27 and q?
1
Let w be (3/(-3)*-4)/2. Suppose -4*q - y + 21 = 0, -q - 21 = -w*q + 5*y. Let i be (-9)/54 + 253/q. What is the highest common divisor of i and 105?
21
Suppose 0 = 5*l + t - 410, -l + 157 = l - t. Suppose l = -3*r + 6*r. What is the highest common divisor of 27 and r?
27
Suppose -12*d = -269 - 139. Calculate the greatest common factor of d and 187.
17
Let b(p) = p**2 - 10*p - 10. Let w be b(14). Calculate the highest common factor of w and 598.
46
Suppose -3*n + 4 = -3*z - 26, 4*z = 3*n - 29. Suppose -v = -4, 5*v = 2*l + 162 + 90. Let y = -72 - l. What is the greatest common divisor of y and n?
11
Let n = 1476 + -1012. Calculate the greatest common factor of n and 32.
16
Let w(d) = -d**2 + 14*d - 15. Let r be w(12). Let x = -12 - -17. Suppose 145 = 5*f + x*b, f + b + 2*b = 33. Calculate the highest common factor of r and f.
9
Let x(y) = y**3 - 18*y**2 + y + 26. Let q be (216/16)/(2 + 10/(-8)). Let p be x(q). What is the highest common divisor of 66 and p?
22
Suppose 0 = 5*h + 2*z + 32 - 88, 0 = -5*h - 5*z + 50. Calculate the greatest common divisor of h and 7320.
12
Let m = 144 - 110. What is the greatest common factor of m and 221?
17
Suppose -2344 - 30416 = -10*u. 